+ 9 - (71 - -6)
-101
What is the value of (0 - 1) + 98 + (71397 - 71371)?
123
Evaluate (-161 - -77) + (20 - 37 - 15).
-116
Evaluate 59 + (50 - 76) - 64.
-31
What is (1 - -19) + -8 + -22 + 0 + 20 + 26?
36
Calculate (58 + -1 - 1) + 38 + (-64 - -40) + -25.
45
Calculate (-11 - -22) + (3 - 3 - (-31 - -26)).
16
What is the value of 1 - (-29 - 27) - 24?
33
What is (36 - 85) + 43 + (-5 - -21) + (-2 - 1)?
7
-18 + -83 - -104 - ((16 - 1) + 1)
-13
Evaluate (3 - -2) + 11 + -13 + (7 - -10) + -11.
9
What is (77 - 174) + 78 - 73?
-92
(26 + 42 - 14) + -4 + -2 + 18
66
Calculate (13 - 1) + 45 - -7.
64
What is -62 + -33 + -28 + 46 + (-15 + -1 - -4)?
-89
Evaluate -67 + (-25 - -146) + 45.
99
What is (9 - (5 + -3 + -3)) + (71 - 120) + 5?
-34
2 - ((51 - -6) + 3 + -1) - (-4701 - -4686)
-42
Evaluate -2 + 62 + -26 + -32 + 0 + 3 - -19.
24
(4 - (3 + -5 + -3)) + -2
7
(-13 + 1 - (-45 - -38)) + (7 - 33)
-31
What is 3 - (-46 + (-27 + 10 - -43))?
23
What is (-9 - (-42 - 75)) + -168?
-60
Calculate 6 + (-21 + -5 - -31) + 4 + 2.
17
-6 + (57 - (-60 - -131))
-20
Calculate 5166 - 5166 - (1 - -10).
-11
Evaluate -586 + 577 - (4 + 0 + -2 + 10 + 3).
-24
Evaluate 49 + -96 + 46 - 5.
-6
Evaluate -5 + (2 + 9 - 5) + 1 - (-13 - -6).
9
What is 4 + (50 - (-2 + 1)) - ((90 - 53) + -26)?
44
What is the value of 2360 - 2369 - (1 + -6)?
-4
Evaluate 31 - (-12 + -6 + 59).
-10
What is the value of 95 - (-21 - (80 - 113))?
83
What is 52 - (86 + 26 - 67)?
7
Evaluate (-74 + 107 - 83) + 131.
81
-102 - (-39 + 52 + -1 + -14) - 24
-124
(-71 - -40) + (-9 - (-12 + 10 - (1 - 1)))
-38
What is the value of 9 - (532 - 537 - ((-1 - -3) + 3))?
19
5 + 47 + (-31 - (-3 - 10)) + 7 + 1
42
What is the value of -4 + -2 - (9 + -1) - (5 + 5)?
-24
Evaluate 1 + -1 - 62 - (-31 - (32 + -47 + -10)).
-56
What is -120 + 2 + -1 + -108 + (84 - -44)?
-99
What is 1 + 56 - -1 - (887 - 866)?
37
What is -10 - (6 - (10 - (-16 - -19)))?
-9
What is 17 + -19 - -81 - 81?
-2
What is the value of 117 - 99 - (35 + -9)?
-8
Calculate -930 + 942 + 2 + 5.
19
What is 71 + -2 - (-8 + -8 + -31 + 41)?
75
What is -43 - (-22 + 20 + -41)?
0
What is -16 + (3 - -54 - (-1 + 6))?
36
Calculate 10 + -9 + 6 - ((9 - -1) + -181 + 191).
-13
What is the value of 9 + (5 - -61 - (-17 + 9 + 13))?
70
What is the value of 46 - 0 - (1174 - 1158)?
30
Evaluate (12 - (13 + (-8 - 8) + 12)) + 1 + -11.
-7
What is the value of 2 - ((53 - 36) + (-21 - 10))?
16
12 - (-2 + 8 + 10 - -71 - 17)
-58
15 + -77 + (-31 - -46 - -26)
-21
-3 - ((-26 - -42) + -36)
17
What is 9 - (6 - 8) - (-13 - (8 + 2))?
34
Calculate -7 - (26 + 0 + (23 + -97 + 34 - -29)).
-22
Calculate (37 - 2 - -3 - (6 - (-3 - -1))) + -6.
24
8 + -13 + -44 - (9 + -15 + 1 + 12)
-56
(465 - 456) + (-26 - 1) + 2 + -24
-40
Calculate -18 - (25 - 27) - (-4 + -31).
19
What is the value of 23 - 3 - 3 - (-249 + (176 - -126))?
-36
Evaluate -6 + -49 + (124 - 106).
-37
Evaluate ((-56 - -146) + -33 - 72) + 1 + 91 + 0.
77
What is 6 + -1 + 18 - (3 + -2)?
22
What is (27 - 43) + (45 - 69)?
-40
What is 7 + (22 + 9 - 94) + -2?
-58
Calculate 0 + 7 - (47 + -51 + 26 + -18).
3
What is -40 + (13 - ((20 - 12) + -7) - 7)?
-35
Evaluate 39 + (6 - (-8 - -12)) + -3 + -8 + 8.
38
Evaluate -51 + (20 - 20) + 30.
-21
Evaluate 191 + (307 - 522) - (104 + -1).
-127
Calculate 8 - (-4 + -2 + (4 - -1) + -2 - 11).
22
Evaluate -34 - (-57 - (-11 + (3 - 10))).
5
What is the value of -68 + 4 + 21 + 27 + -39 + 0 + 3?
-52
1 + -30 + -719 + 752
4
What is 16 + (20 + 1 - ((-13 - -13) + 2))?
35
What is the value of 1 + -5 - (-131 + 54 - -22)?
51
-133 - (2 - 38) - (21 - 24)
-94
Evaluate -29 + 8 - (4 - (-2 - 4)).
-31
Calculate -1 + 2 + 5 + -2 + 1 + -16967 + 17021.
59
What is the value of 18 + 18 + -44 + 50 + 0 + 4?
46
What is the value of -47 - 8 - (425 - 510)?
30
Calculate 35 + -82 - -193 - 68.
78
What is -129 - (28 + -49 + 7 - -9)?
-124
Evaluate 253 - ((-8 - -76) + 71).
114
-92 + ((20 - 27) + 15 - -18)
-66
What is (-4 + -1 - -9) + (152 - 169)?
-13
Evaluate -6 + ((-21 - -12) + -10 - 16).
-41
Evaluate 47 - 42 - (-9 + 2 + -104 + (-6 - -15)).
107
What is the value of -5 + -11 + 29 + 0 + -19?
-6
Evaluate (-25 - -63) + 35 - (1 - (4 - (6 - -8))).
62
What is 2 + 3 + 42 - (-3 - 36 - -34)?
52
What is the value of (87 - 64) + 4 - (1 + -8)?
34
What is (-8 - (25 - 2)) + -248 + 193?
-86
What is the value of -45 + (500 - 521 - (-46 + 1))?
-21
-24 - (-5 + -18 + (34 - -23))
-58
What is 44 + 0 - (161 - (265 - 84))?
64
39 + 46 + (-66 - -10)
29
What is -10 - (-9 - (3 + (-5 - 0)) - (-45 - 10))?
-58
Calculate ((-14 - -20) + 10 - 42 - -15) + -1 + 12.
0
Evaluate -210 + 243 + 43 + -8.
68
Evaluate (217 - 119) + -47 - 185.
-134
What is 71 + (-11 - 14) + (-13 + 14 - (6 + 1))?
40
59 + -23 + (4 - -43 - 63)
20
What is the value of (-75 - (-65 - 19)) + 0 + 0 + 0?
9
What is the value of (-1 - (26 - 2)) + (-227 - -225)?
-27
What is 1 + 15 + (-31 - -21) + 11?
17
Calculate (154 - 94) + -112 - -62.
10
What is (89 - 136) + -80 - (4 - (0 - -14))?
-117
Evaluate (43 - 53) + 3 + (8 - -3) + -3.
1
What is the value of -34 + -25 + -22 + 39 - (2 - 1)?
-43
What is the value of (-637 - -660 - (0 - -40)) + (21 - -2)?
6
Calculate -75 + 209 + -94 - -48.
88
What is (-4 + -1 - ((-8 - -21) + -5)) + 7 + 89?
83
Evaluate (22 - (3 - 39)) + (-6 - (4 - 2)).
50
What is -5 - (-17 + 16 + 23) - -4?
-23
What is (-9 + (-6 - -13) - 8) + (44 - -56)?
90
What is the value of -9 + -3 - (1 + 11 + -228 + 229 - 17)?
-8
Evaluate -3 - (15 + -73 + (14 - (2 - -1))).
44
Evaluate (58 - (26 + 14)) + 65 - (-5 + -1).
89
What is -92 - -115 - (-12 - -105)?
-70
Calculate -86 + 22 + 75 + -67.
-56
What is the value of 1574 + -1625 - (-4 - (0 - 16))?
-63
Calculate (30 - 15) + (2 - -16) - 127.
-94
Calculate -8 + (-2 - (111 - (0 + -1 - (55 - 72)))).
-105
Calculate (215 - 264) + (4 - 1).
-46
Calculate (2 - -10) + -6 + -14 + 19 + 31 - 6.
36
What is 5 - 3 - (30 - 57 - 18)?
47
Calculate 19 - (-11 + 26 - -14).
-10
What is the value of (-94 - 0) + (-54 - (-7 + -75 + 20))?
-86
Evaluate -31 - (-16 - (92 + -52)).
25
What is the value of (2 - (-7 + 2)) + -5112 + 5140?
35
Evaluate 14 + (-3 - 23) - -13 - 88.
-87
23 + (-6 - (70 - 37))
-16
What is 6 + (-8 - -2) + 54 + -20 + 30 + -17?
47
What is the value of (-70 - -2 - 1) + -92 + 93 + 11?
-57
Calculate 23 + (-77 + 19 - -5) + 4.
-26
What is the value of (-4 - 4 - (3 + -1)) + -388 + 110 + 269?
-19
Calculate -68 - (-14 + 5 + 3 - ((4 - 7) + 4)).
-61
Calculate 5 - (6 + 3) - (3 - 25 - (-80 + 60)).
-2
Evaluate -14 + (-268 - -269 - (-12 + -1 + 2)) - 56.
-58
What is the value of 0 - -1 - ((-11 - 1) + -1 - (-3935 - -3930))?
9
What is -54 + 73 - 63 - -57?
13
Calculate -124 - -31 - (-640 - -437).
110
What is the value of (5 - (-44 + 5)) + 631 + -636 + (-2 - 0)?
37
What is 8 - 10 - (3 - (-6 - 16) - 112)?
85
What is the value of 5 + ((19 - (-25 - -15)) + -5 - -15)?
44
What is the value of (-6 - -3 - 0) + (9 - (5 - 70))?
71
Evaluate (-14 - 0) + (1 - -16 - -44).
47
Calculate 104 + -165 - (2 - -8 - -5) - (-8 - -1).
-69
What is the value of (0 - 18) + 8 - (-31 + (-26 - -17))?
30
Calculate (10 - (-7 + -16)) + 27 + -13.
47
Evaluate -405 - -438 - (88 - -1).
-56
Evaluate (62 - -32) + -106 - (-13 + 2).
-1
What is the value of -20 - 0 - (-580 - -549)?
11
What is the value of -37 - (-50 - -19) - -56?
50
What is 68 + 3 + -8 + (-376 - -352)?
39
What is -1 + -1 + (42 - 36) + -2 + 15 + -44?
-27
Calculate -23 + 27 - (176 - 137 - (2 + 1 + 1)).
-31
Evaluate 30 - ((8 - (-1 + 9)) + 9).
21
What is the value of (-2 - -10) + (0 + -56 - (-458 - -440))?
-30
0 - (18 + (6 - 10 - -5) - (-109 + 105))
-23
-1 + 59 - (-36 + -16 + 11 + 53)
46
What is 2 - 51 - (-7 + -14 + -29 + 52)?
-51
Evaluate (20 - -3) + -1046 + 937.
-86
What is the value of (823 - 797) + (-12 + 2 - -3)?
19
Calculate -34 + 29 + (17 - 3) - (-1 - 50).
60
Evaluate -1 - (2 - 7) - 7 - -50.
47
Evaluate -4 - (-54 + 104) - -52.
-2
What is the value of 16 + (30 - (22 - 5)) + 19?
48
Evaluate (238 - 284) + (-10 - (1 + -5)).
-52
What is -88 + 11 - (-12 + 23 + -9 + -7)?
-72
What is (33 - -1) + 42 + -85 + 78?
69
-10 + 16 + (1 - (-2 - (-6 + (6 - -2))))
11
What is the value of (18 + -5 - (21 - (19 - 7))) + -1 + 74?
77
What is the value of 51 - (84 - (53 - 13))?
7
What is -39 - (4 + (69 - 104))?
-8
What is the value of 47 + (42 - 106) + -22?
-39
Evaluate 0 + 50 + -3627 + 3543.
-34
What is the value of -69 + 7 - -48 - (101 +